. Calculate the greatest common divisor of 22 and c.
22
Let z be ((-105)/210)/(-1 - 741/(-742)). What is the highest common factor of 106 and z?
53
Let x be (5 - 1 - 12)*1 + 3141. Calculate the highest common divisor of 13 and x.
13
Suppose 2*o - 1 = 155. What is the greatest common divisor of 130 and o?
26
Suppose 0 = 2*c + 3*b + 56, 0 = -5*c - 0*b - b - 153. Let k = -11 - c. Let y = k - 5. What is the highest common divisor of 15 and y?
15
Let q(s) = 2*s**3 + 9*s**2 + 7*s - 1. Let w be q(-3). Suppose -85 = -k - w. What is the highest common factor of k and 16?
16
Let r be (-21)/(-4)*4/3. What is the greatest common factor of r and 56?
7
Suppose 28 = 3*v - 2*o, 3*v - 4*v + 14 = 4*o. What is the highest common divisor of v and 235?
5
Let i(h) = -40*h - 96. Let l be i(-5). Suppose 0 = 3*r + 5*p - 34, 3*r + r - 28 = 2*p. Calculate the highest common divisor of l and r.
8
Let o be 2/(2*(-2)/52). Let g be o/(-4)*2*1. Let b(s) = -s**2 - 15*s - 28. Let d be b(-9). Calculate the highest common divisor of g and d.
13
Suppose -2*y + 102 = n, 7*n - 3*n + 229 = 5*y. What is the greatest common divisor of y and 42?
7
Let y = -1417 - -1425. Calculate the highest common divisor of 154 and y.
2
Let d = 245 - 240. Let v be 12/(-60) - 226/(-5). What is the greatest common factor of v and d?
5
Suppose -11*z + 4*z = 21. Let b be 0 + z - (1 - -1). Let t = 3 - b. Calculate the highest common divisor of 8 and t.
8
Let j(v) = v**3 - 8*v**2 - 4*v - 24. Let g be j(9). Calculate the greatest common divisor of 7 and g.
7
Suppose -v = 2*v - 90. Let o be 11 + 1 + (-32)/(-4) + -8. Calculate the greatest common factor of o and v.
6
Suppose 2*w = j + 3, 3*w - 1 = 2*w + j. Suppose 0 = -w*z + 5*z - 3, -5*z - 5 = h. Let d be (-6)/15 - 44/h. Calculate the highest common divisor of d and 32.
4
Let b be 2/4*-6 + 2 + 36. Calculate the highest common factor of b and 105.
35
Suppose 2*t = -350 + 370. What is the highest common divisor of t and 50?
10
Let c be (2 - (-5)/(-3)) + 300/18. Let l = 209 - 56. What is the greatest common divisor of l and c?
17
Let m(f) = 3*f**3 + 15*f**2 + 8. Let y be m(-5). Calculate the greatest common factor of y and 3392.
8
Let h = 91 + -21. Calculate the greatest common divisor of 35 and h.
35
Let v = 30 + -2. Let t be ((-3)/(-3))/(2/v). Suppose -2*o = 6*w - 4*w - 32, 0 = -w + 5*o - t. What is the highest common factor of w and 11?
11
Suppose -2*a = -5*q - 999 + 5, -4*q - 788 = -4*a. Let k = q + 295. What is the greatest common factor of 38 and k?
19
Let z be (-10)/((-10)/180*4). What is the greatest common divisor of 735 and z?
15
Let d(i) = 11*i - 60. Let w be d(12). What is the highest common factor of 108 and w?
36
Let j be 576/5*590/177. What is the highest common divisor of j and 6?
6
Let h(n) = 6*n - 52. Let c be h(15). Calculate the highest common factor of 57 and c.
19
Let x = 5697 + -4018. What is the greatest common factor of 23 and x?
23
Suppose -2*m - 80 = -2*x + 2*m, -3*x + 4*m + 122 = 0. Let k be 6/(8/8) + 3/3. What is the greatest common factor of k and x?
7
Let h(d) be the second derivative of -13*d**3/6 - d**2 + 5*d. Let m be h(1). Let y be -81*(m/9 + 1). What is the greatest common factor of y and 6?
6
Suppose -5*o + 54 = -3*o. Let k be 0 + 8 - (-85 - -39). Calculate the greatest common divisor of k and o.
27
Let v = 494 - 296. Let i(w) = 2*w + 56. Let d be i(-19). Calculate the highest common divisor of v and d.
18
Suppose -4*b = b - 60. Suppose 21*o - 24*o = -126. Let x = o + -24. Calculate the highest common factor of b and x.
6
Let g(f) = 16*f - 22. Let w(q) = 3*q**2 + 6*q + 2. Let z be w(-2). Suppose -d - z*d + 33 = 0. Let s be g(d). Calculate the greatest common divisor of 22 and s.
22
Let p = -112 - -124. What is the highest common factor of 24 and p?
12
Let d(b) = -b**2 - 18*b - 15. Let g be d(-17). What is the greatest common divisor of 11 and g?
1
Let j(v) = 19*v**3 - 11*v + 17. Let l be j(2). Calculate the greatest common divisor of l and 196.
49
Suppose f = -4*f + 75. Let p = -518 + 683. What is the highest common divisor of p and f?
15
Let z be (-1)/(-2) + 84/56. Suppose -133 - 181 = -3*q + x, 2*q + z*x = 204. What is the highest common divisor of 13 and q?
13
Let p be (-15599)/(-76) - (0 - 3/(-12)). What is the highest common divisor of p and 82?
41
Let g(s) = s**3 + 9*s**2 - 9*s + 11. Let a be g(-10). Calculate the highest common divisor of a and 13.
1
Let k be -1*6/((-30)/25). Suppose -8*w + 495 = -k*w. Calculate the greatest common divisor of 66 and w.
33
Suppose 0 = t + 3*s + 7, -4*s - 1 = t + 9. Let a be t*((-19)/(-2))/1. Suppose 0 = 3*k - a - 17. Calculate the highest common divisor of k and 12.
12
Let l be (-2)/((-2)/127) - -1. Suppose 3*x + 2*s - l = 0, -5*s - 243 = -5*x - 38. Calculate the highest common divisor of x and 14.
14
Let h be (14/5 - 4)*(-50)/3. Suppose -4*k + 2*g = -2*g - 24, -5*g - 14 = -3*k. Let c be 2/k*-10*-12. Calculate the highest common divisor of c and h.
10
Let t(a) = 13*a - 6. Let y be t(-3). Let l be y/6*2/(-3). Suppose 3*p + 2*n = 52, l*p - 91 = 2*n - 15. What is the highest common factor of 48 and p?
16
Suppose 33*n - 35*n = -3*q - 875, 3*n - 3*q - 1317 = 0. What is the greatest common divisor of 68 and n?
34
Let l = -316 - -326. What is the greatest common factor of l and 7?
1
Suppose 5*q - 5 = 0, -w + 22 = 5*q - 8*q. Let x = w - -11. What is the greatest common divisor of x and 180?
36
Let m be ((-91)/(-21))/((-1)/(-15)). Calculate the greatest common factor of m and 13.
13
Let n(o) = -o**3 + o + 7. Suppose -u = -5*u. Let m be n(u). Suppose -10*q + 60 = -m*q. Calculate the greatest common factor of q and 20.
20
Let y(d) = 12*d**2 - 3*d - 2. Let j be y(2). What is the highest common divisor of 1600 and j?
40
Let l be 2*(-5)/(-5) + 42. Suppose -4*y = -5*q + 323, 0 = 2*q + y - 168 + l. What is the greatest common divisor of 315 and q?
63
Let x = 8316 + -8302. Let g(m) be the third derivative of m**5/60 - m**4/6 + m**3/3 - m**2. Let w be g(6). Calculate the highest common divisor of w and x.
14
Let m(h) = h**3 + 18*h**2 + 29*h - 18. Let y be m(-16). Calculate the greatest common factor of 25 and y.
5
Suppose -137 = 3*a - 4*q, -q + 10 = 4*q. Let t = 58 + a. Calculate the highest common factor of t and 105.
15
Suppose 11 - 35 = 6*i. Let m be 18*(-4)/32*i. Calculate the highest common factor of m and 45.
9
Let n(m) = -8*m - 16. Let a be 2/(-4) - (-2)/((-8)/38). Let j be n(a). Calculate the greatest common divisor of 48 and j.
16
Let l(i) = -2 + 1 + 2*i**3 + 2 + 3*i**2 - 3 - 5*i. Let h be l(-3). Let c = h + 25. Calculate the greatest common factor of 121 and c.
11
Suppose -5*a - 3*k + 8*k = -215, -2*a = 6*k - 62. What is the highest common divisor of 104 and a?
8
Let v be 1/(2 - (-27)/(-15)). Suppose 4*c = v*t - 114, 0 + 16 = 4*c. Let m be 648/10 - (-16)/80. What is the greatest common divisor of t and m?
13
Suppose 97*p = 88*p + 396. What is the highest common divisor of p and 11?
11
Suppose 3*v + 7 = 442. Calculate the highest common factor of 5 and v.
5
Let z(g) = -141*g**2 + g + 1. Let j be z(1). Let r = j + 199. Calculate the greatest common divisor of 12 and r.
12
Let q(p) = p - 11. Suppose 90 = -v + 7*v. Let j be q(v). Suppose 3*f = j*f - 9. Calculate the greatest common factor of f and 63.
9
Let f(c) = 4*c**2 - 5*c - 4. Let d be f(-2). Let z = -90 + 112. Calculate the highest common factor of z and d.
22
Let w(x) = 37*x**2 + x + 2. Let j be w(2). Let f be 24/(-4) - 400/(-16). What is the highest common divisor of j and f?
19
Suppose -10 = a + 4*u, 2*a + 5*u = 2*u - 5. Suppose -30 = a*v - 4*v. Calculate the greatest common divisor of 120 and v.
15
Suppose 18*f + 87 - 1095 = 0. Let l = 292 + -208. What is the highest common factor of l and f?
28
Suppose 0 = -p - 5*r + 100, 2*r = -18 + 28. Calculate the greatest common divisor of p and 1200.
75
Suppose -t + 361 = -2*z, -4*t + 6*z - 5*z + 1423 = 0. Calculate the greatest common divisor of t and 284.
71
Let h(q) = q**2 - 3. Let l(z) = 1 + 0 - 9 + 7. Let j(n) = h(n) + l(n). Let b be j(-4). Calculate the highest common factor of b and 6.
6
Let y be (-117)/(-26)*(-16)/(-3). What is the greatest common divisor of 276 and y?
12
Suppose h - 31 = -4*w, 3*w + 2*h + 3*h = 19. Let o = -7 + w. Calculate the greatest common divisor of 9 and o.
1
S